 o(z) = z**3 + 10*z**2 - 5*z - 9. List the prime factors of o(-10).
41
Suppose 31 = 13*v - 12*v. List the prime factors of v.
31
Let t be (0*(-1)/1)/1. Suppose 5*j = g + 83 + 143, -4*j - 4*g + 176 = t. Suppose j = 5*m - 10. List the prime factors of m.
11
Let a be (-1 - (-3)/6)*-8. Suppose -9 - 12 = -2*p + 3*o, -a*p = 4*o - 32. What are the prime factors of p?
3
Suppose -2*j + 4 = 3*k, -5*k + k - 2*j + 8 = 0. Let d be 62/22 - (-2)/11. Suppose -1 = o + 2*m + d, -14 = o + k*m. What are the prime factors of o?
2, 3
Let r(d) be the first derivative of d**4/4 - 4*d**3/3 + d**2 + 4*d - 2. List the prime factors of r(4).
2, 3
Suppose 4*r - 5*k - 312 = -3*k, 2*r = -k + 156. Suppose 5*p = -c + 195, 4*p - r = 2*p + 4*c. What are the prime factors of p?
3, 13
Let t be 30 + (-3)/(-9)*3. Suppose 0 = w + t - 75. Suppose 5*f - 26 - w = 0. List the prime factors of f.
2, 7
Let o be (-5 - -2)*(-2)/(-2). What are the prime factors of (8/(-14))/(o/21)?
2
Suppose 116 + 61 = 3*n. List the prime factors of n.
59
Let a = 111 - 77. What are the prime factors of a?
2, 17
Let s = -3 - -16. Let t = 4 + s. What are the prime factors of t?
17
Let o(s) = s**3 + 8*s**2 - 5*s - 12. Let t be o(-8). Let l be t + 3/(-3) - 0. Let r = -17 + l. List the prime factors of r.
2, 5
Let c be 1*3 + -20 + 7. Let m = 25 + c. List the prime factors of m.
3, 5
Let s be (1/(-2))/((-1)/24). What are the prime factors of (s/(-9))/((-2)/9)?
2, 3
Let i be 52 + 2*(-1 - -2). Suppose 4*l - 5*s - 18 = 3*l, -3*l + 4*s + i = 0. Suppose 3*j + 9 = 0, -l = -3*r - 3*j - 6. List the prime factors of r.
7
Let q(x) = 12*x**3 - x**2 - 4*x - 1. Let f(s) = -s**3 + s. Let a(o) = -2*f(o) - q(o). Suppose 0 + 2 = -2*b. What are the prime factors of a(b)?
2, 5
Let r be (1 - -1) + (3 - 5). Suppose -4*a + 74 + 66 = r. What are the prime factors of a?
5, 7
Suppose -3*w + 152 = 2*x, -3*w + 7*w - 5*x - 172 = 0. List the prime factors of w.
2, 3
Suppose 5*f - 4*f = 4. List the prime factors of f.
2
What are the prime factors of 2223/15 - (-32)/40?
149
Let s(d) = -26*d - 33. List the prime factors of s(-9).
3, 67
Let c(y) = y + 8. Let i be c(-5). Let w be (-1)/i + (-16)/(-3). Suppose -2*t + 16 = 4*x, -w*t + 4*x + 11 + 1 = 0. List the prime factors of t.
2
Let n = 28 - -80. What are the prime factors of (n/8)/((-9)/(-12))?
2, 3
Suppose -8 = 5*h + 2. List the prime factors of 2 + ((-4)/h - -22).
2, 13
Let r(y) = -y**2 - 6*y - 3. Let a be r(-5). Let m = a - 2. Suppose -2*w = 4*s + 2*w - 4, m = 4*s - 5*w - 49. List the prime factors of s.
2, 3
Let g = 2 - 2. Let t(w) = -w**2 + 4. Let q be t(g). Suppose 4*l + q*s = 72, 5*l - 3*s - 40 = 2*s. List the prime factors of l.
13
Suppose 4*n - 3*d - 784 = 0, -3*n - 4*d = -6*d - 588. List the prime factors of n.
2, 7
Suppose 0 = 3*n - 3*p - 36, 2*n + p + 4 = 13. List the prime factors of n.
7
Let s(j) = j + 7. Let x be s(-8). Let w be 0/(2 - (-1 - x)). What are the prime factors of (0 - (0 + w)) + 6?
2, 3
Let x = 7 - 4. Let y = 14 + -10. Suppose t + y = x*t. What are the prime factors of t?
2
Suppose -6 = -2*i - 0*i. Suppose 0 = 2*v - i*v + 2. Suppose 0*s - v*s + 32 = 0. List the prime factors of s.
2
Let y be (-34)/(-10) - (-4)/(-10). Let z(g) = 3 - 1 + 4*g**2 - y. What are the prime factors of z(1)?
3
Suppose v - 16 = 5. List the prime factors of v.
3, 7
Let j be 4 - 2 - (-1 - 4). Let r(b) = b**3 - 6*b**2 - 7*b. Let c be r(j). Suppose k + 4*k + 2*n - 33 = 0, c = -2*k + 3*n - 2. List the prime factors of k.
5
Let c(m) = -10*m**2 - 1. Suppose t + 0*b + 3*b + 1 = 0, 0 = -4*t - 2*b - 4. Let f be c(t). Let g = 0 - f. What are the prime factors of g?
11
Let w(a) = -a**2 + 12*a + 11. Let v be w(8). Let j be 9/2 + 1/2. Suppose -j*p + v = 3. What are the prime factors of p?
2
Suppose -67 = 5*u + 23. What are the prime factors of (-114)/u + (-4)/(-6)?
7
Let b = 227 + -103. List the prime factors of b.
2, 31
Suppose -5*o = 2*q + 32 - 91, -93 = -4*q - 5*o. What are the prime factors of q?
17
List the prime factors of ((-24)/(-2))/(1 + 0).
2, 3
Suppose -4*b - 4*a = 20, -b - a + 19 = -3*b. Let x = b - -13. Suppose -x*f + 39 = 3*u, 2*u + 0*u = -2*f + 22. What are the prime factors of u?
2
Let c be (0 - (-45)/(-6))*2. What are the prime factors of ((-6)/2)/(5/c)?
3
Let t be (-1 - 0)/(4/(-12)). Suppose -10 = -t*v + 11. List the prime factors of v.
7
List the prime factors of 112/(-24)*(-4 - -1).
2, 7
What are the prime factors of 3*26*(27/6 + -3)?
3, 13
Let o = -94 - -143. What are the prime factors of o?
7
Suppose 92 = 5*q + u - 6, 3*u - 74 = -4*q. List the prime factors of q.
2, 5
Let b(s) = 2*s + 2*s - 5*s. Let a be b(-1). List the prime factors of -15*a*(-2)/5.
2, 3
Suppose 5*q = 3*k + 50, -4*k = q - 9 + 22. Let o = 7 + q. What are the prime factors of o?
2, 7
Let q = -13 + 10. Suppose -6 = -2*a - 0*a. List the prime factors of 2/a - 25/q.
3
Suppose -14 = 3*d - 4*q, 2*d - q + 6*q = -17. What are the prime factors of (-242)/d + 1/(-3)?
2, 5
Suppose -5*c - k = -148, 0*k + k = 4*c - 122. What are the prime factors of c?
2, 3, 5
Let z be (14/(-4))/(2/4). Let j = z - -14. List the prime factors of j.
7
Suppose z = 2*z - 47. What are the prime factors of z?
47
Suppose -5*n = -4*n - 51. What are the prime factors of n?
3, 17
Let n = 2 + -3. Let g be 2 + n + -3 - -2. Suppose g = p - 8 - 0. List the prime factors of p.
2
Let t(z) = 4*z - 2*z - 11 + 2. Suppose 2*q + y = -3*q + 45, -5*q + 5*y = -15. List the prime factors of t(q).
7
Suppose s = 3*s + 4. What are the prime factors of -8 + 6 + (2 - s)?
2
Let w(o) = o + 23. Let p(q) = q + 1. Let a(b) = -6*p(b) + w(b). List the prime factors of a(-6).
47
Suppose -5*y + 141 = 3*j, 0 = 3*y - 0*y - j - 79. Let h = 19 - y. Let d = h + 13. What are the prime factors of d?
5
List the prime factors of 3/12 - 195/(-4).
7
Suppose l + 1 = 4. Suppose -l*h = a - 9, 0*a - 3*a = 3*h - 15. Suppose 5 = q - a. List the prime factors of q.
2
What are the prime factors of (-18)/((-2)/(-1))*-5?
3, 5
List the prime factors of (14/28)/((-1)/(-34)).
17
Let c = 14 - 12. Suppose c*p = 5*i - 3*i - 26, -1 = 3*i + 5*p. List the prime factors of i.
2
Suppose -70 = 4*g + 2*p - 4*p, -5*g - 87 = -3*p. What are the prime factors of (-423)/g + 2/(-4)?
23
Let y = 156 + -36. List the prime factors of y.
2, 3, 5
Suppose 2*d + 3 = 3*q + 14, 0 = -5*d - 5*q + 15. Let r(z) be the first derivative of z**3/3 - z**2/2 + 2*z - 1. What are the prime factors of r(d)?
2, 7
What are the prime factors of (2/(-5)*-3)/((-6)/(-40))?
2
Let k(y) = -6 + 1 - 6 + 0*y**3 - 6*y + y**3 - 7*y**2. Let s be k(8). Suppose 0 = 5*f + s - 0, -11 = -r + 5*f. List the prime factors of r.
2, 3
Let c = -7 + 11. List the prime factors of 10/c*(-32)/(-20).
2
Let g(p) = 7. Let u(q) = -q - 22. Let s be ((-1)/(-2))/(1/(-4)). Let t(b) = s*u(b) - 7*g(b). What are the prime factors of t(6)?
7
Suppose -11*b = -105 - 291. List the prime factors of b.
2, 3
Suppose -7*w + 0*w = -644. What are the prime factors of w?
2, 23
Suppose -10*c + 20 = -8*c. List the prime factors of c.
2, 5
List the prime factors of 302 + ((-3)/(-2) - (-3)/2).
5, 61
Let b = -21 - -25. List the prime factors of b.
2
Let b = 8 - 26. What are the prime factors of -15*(b/15)/3?
2, 3
Let l(w) = -w**2 - 4*w + 2. Let z be l(-7). Let v(d) = -31*d**2 - d + 1. Let r be v(1). Let m = z - r. What are the prime factors of m?
2, 3
Suppose -5*j = -j - 3*b + 63, -j - 3*b - 12 = 0. Let g = -18 + 7. Let h = g - j. What are the prime factors of h?
2
Let p be 139/4 - 4/(-16). Suppose -p = d - 0. List the prime factors of (-16)/(-10) - 14/d.
2
Suppose 6 - 1 = q. Let t(i) = i**2 - 6*i + 7. Let p be t(q). Suppose p*w + 9 = 3*w - y, 0 = -2*w - 4*y + 30. What are the prime factors of w?
11
Let k = -8 + 74. What are the prime factors of k?
2, 3, 11
Let m = 9 - 29. Let y = m + 37. What are the prime factors of y?
17
Let w = -9 + 5. Let r be (45/10)/(2/w). Let o = 0 - r. List the prime factors of o.
3
Suppose -4*z - 388 = -2*j, 3*z + 100 + 192 = j. Let f = 142 + z. What are the prime factors of f?
2, 11
Let k = -16 + 10. List the prime factors of (-4)/(-6)*(-117)/k.
13
Let u(a) = 10*a**2 - 4*a - 13. List the prime factors of u(-4).
163
Let d = -4 - -4. Suppose -5*b = -d*b - 70. What are the prime factors of b?
2, 7
Let s(g) = 20 - 20 + 3*g. What are the prime factors of s(7)?
3, 7
List the pr